a + 3*s + 34 = 0. Suppose a*l = -d + 20, 11*d - 8*d + 3*l = 24. Let b(m) = -2 + 0*m - 2*m + 3*m. Determine b(d).
3
Let f(h) = 56*h + 102. Let t(m) = 5*m + 9. Let j(n) = 6*f(n) - 68*t(n). Give j(2).
-8
Let s(i) = -i**2 + 9*i - 1. Let t be s(9). Let p be (-1 - t)*(-2)/(-4). Let j be 4/2 - (-1 + p). Let h(c) = c**3 - 3*c**2 + 2*c. Determine h(j).
6
Let s(r) = -10*r**2 - 2*r - 1. Suppose -2*x + 11 - 1 = 0. Suppose -4*p - 11 = -5*g, 3*g + p = 2*g - x. Calculate s(g).
-9
Let o(n) = -322*n**2 - 138. Let z(h) = 19*h**2 + 8. Let p(m) = 4*o(m) + 69*z(m). Calculate p(-1).
23
Let a(q) = -2*q**3 - 3*q**3 + 2*q**2 - q**3 - 3*q**2. Calculate a(-1).
5
Let h(y) = 3*y + 44. Let b(k) = k + 15. Let o(z) = 11*b(z) - 4*h(z). Let d be o(-4). Let p(a) = a + 3. Calculate p(d).
-4
Let x(z) be the second derivative of -11*z**4/24 + z**3/6 + 7*z**2 - 9*z. Let s(h) be the first derivative of x(h). Calculate s(1).
-10
Let k(u) = -14*u**2 - 2*u - 1. Let y(n) = n + 3. Let t be y(-2). Let v = 1 + -1. Suppose 0 = h + t - v. What is k(h)?
-13
Suppose 0*v = -9*v + 36. Suppose x + v*p + 7 = 2, 2*x - 23 = 3*p. Let s(l) = 13 - 4*l - 5 - 2*l + 4*l. Give s(x).
-6
Let s(z) be the third derivative of z**4/24 + 7*z**3/6 - 75*z**2. Calculate s(-6).
1
Suppose 7*c - 11 = -4. Let o(b) = -373*b**3 + c - 1 + 374*b**3 - 6*b**2 + 3*b. Determine o(6).
18
Let t(j) = 13*j**3 - 43*j**2 + 10*j - 73. Let z(r) = 5*r**3 - 14*r**2 + 4*r - 24. Let f(x) = -3*t(x) + 8*z(x). What is f(-17)?
-7
Let m = 0 - 5. Let l = -8 - m. Let i(s) = 5*s**3 - 20*s**2 - 11*s + 5. Let v(y) = 2*y**3 - 7*y**2 - 4*y + 2. Let o(p) = 3*i(p) - 8*v(p). Give o(l).
-7
Let c = -21 - -12. Let f = c + 12. Let j(o) = -3 - o**2 - 2 + 6. What is j(f)?
-8
Let n(d) = -d**3 - 6*d**2 + 9*d + 7. Let f(v) = 3*v**2 + 5*v - 1. Let i be f(8). Let u be ((-4)/(-6))/((-22)/i). Give n(u).
-7
Let y(c) = -c + 1. Let s(i) = -4*i + 4. Let h(g) = -2*s(g) + 9*y(g). Determine h(-6).
7
Let w(x) = x**3 - 6*x**2 + 5*x - 10. Let y be w(6). Let l = y + -21. Let c(z) = -5*z**2 + z. Give c(l).
-6
Let l(u) = -u**2 + 5*u - 2. Let t = -4 - -16. Suppose 0 = 7*w - 4*w - t. Suppose -p = -w*p + 15. Calculate l(p).
-2
Let o = 19 + -43. Let v = o - -21. Let c(d) be the second derivative of -d**5/20 - d**4/3 - 5*d**3/6 - 3*d**2/2 - 2*d. Determine c(v).
3
Let x(j) = 28*j**2 - 26*j**2 + 3*j**3 - 2*j + j - j**2. Determine x(1).
3
Let a be 3 - 23*-2*-1. Let n = a - -41. Let w(m) = 2*m. Let q(h) = -h**2 + 8*h. Let v(x) = 2*q(x) - 9*w(x). What is v(n)?
-4
Let a(d) = -3*d + 5*d + 2*d. Give a(2).
8
Let t(l) be the third derivative of -1/40*l**6 - 8*l**2 + 1/60*l**5 + 0*l + 0*l**4 - 1/6*l**3 + 0. Let d be (-2)/(-4)*2 - 0. Determine t(d).
-3
Let i = -19 - -11. Let a(w) = 6117*w + 5 + 6110*w - w**2 - 12234*w. Calculate a(i).
-3
Let o(a) = -8*a - 3. Let k(m) = -34*m - 15. Let z(r) = 2*k(r) - 9*o(r). Determine z(-4).
-19
Let g(z) be the first derivative of -2*z**2 - 9*z - 27. What is g(-6)?
15
Let b = -61 - -59. Let y be (-3)/(2/(4/b)). Let m(u) = 3*u + 2. Calculate m(y).
11
Let g(r) = -r**2 + 5*r - 6. Let i be (-1 + 3)*5 - 7. Give g(i).
0
Let d(i) = -2*i + 6. Let n(s) = -2*s**3 + 3*s**2 - 2. Let v be n(2). Let w be (2*1/2)/(v/30). Give d(w).
16
Let l be (-1)/(-6) + (-47)/(-6). Let z(d) = 4 + 9 + 2*d - l. Suppose -r + 10 = -3*r. What is z(r)?
-5
Suppose q - 22 = -5*m - 53, 0 = -3*q - 4*m - 38. Let i(t) = t**3 - t**2 - t + 6. Let f be i(0). Let b(w) = 0*w**2 + f*w + 0*w**2 + w**2 + 2 + 3. Give b(q).
5
Let u(d) = 3*d**2 - 47*d + 59. Let o(c) = -c**2 + 16*c - 20. Let q(t) = -17*o(t) - 6*u(t). Determine q(8).
2
Suppose 8*r - 1 = -w + 7*r, -5*w + 4*r + 5 = 0. Let z(q) = 4*q**3 - 2*q**2 + 2*q - 1. Calculate z(w).
3
Let d(o) = -5*o**2 + 7*o - 1 + 0*o**2 + 1 + 4*o**2 - 1. Let t = 13 - 8. Suppose -t*v = -2*u + 4 + 3, -25 = -4*u - v. Give d(u).
5
Let z(r) be the third derivative of 11*r**2 + 1/20*r**6 + 0*r - 1/60*r**5 + 0 - 1/24*r**4 + 0*r**3. Calculate z(-1).
-6
Let k(n) be the third derivative of -n**6/120 + 13*n**5/60 - n**3/2 + 117*n**2 + 1. What is k(13)?
-3
Suppose 0 = -5*z + 25, 8*g + 2*z = 2*g + 4. Let x(m) = 0*m**2 + 2*m + 1 - m**2 + 0*m. Calculate x(g).
-2
Let o(k) = -10*k**2 - 4. Let u(c) = -c**2 - c - 1. Let d(i) = o(i) - 3*u(i). Give d(2).
-23
Let t(j) be the third derivative of -j**5/120 - 13*j**4/24 + 16*j**3/3 - 2*j**2. Let x(n) be the first derivative of t(n). Calculate x(-7).
-6
Suppose 3*f - b = 19, 3*f - 5*b - 33 - 2 = 0. Let c(s) = -7*s + s**2 + 54 - 16 - 16 - 19. What is c(f)?
-7
Let f be ((-3)/9)/((-2)/18). Let u(q) = -q**3 - 2*q**2 - 4*q - f + 2*q + 0. Suppose 14*i = -4*y + 15*i - 14, -13 = 3*y - 2*i. What is u(y)?
12
Suppose 60*o + 48 = 72*o. Let i(s) be the second derivative of -1/12*s**o + 10*s + 0 + 1/2*s**2 - 2/3*s**3. Give i(-5).
-4
Let j = -334 + 338. Let r(s) = -3*s - 17. Let d(k) = 2*k + 11. Let c = -11 - -6. Let g(f) = c*r(f) - 8*d(f). Calculate g(j).
-7
Let r(l) be the second derivative of -l**3/2 - l**2/2 - 163*l. What is r(5)?
-16
Let q(f) be the second derivative of f**4/24 + 5*f**3/3 + 19*f**2/2 - 34*f. Let g(b) be the first derivative of q(b). Calculate g(-9).
1
Let l(f) be the third derivative of -f**8/2880 + f**7/5040 - f**5/15 + 20*f**2. Let k(d) be the third derivative of l(d). Give k(1).
-6
Suppose 4*k = -43*k + 235. Let n(c) = -c**3 + 6*c**2 - 4*c + 5. Calculate n(k).
10
Let r = -21 + 37. Suppose 2*k - 20 + 4 = -3*y, 2*k = 5*y - r. Suppose 0*t - 2*t = -y. Let z(c) = -3*c + 1. What is z(t)?
-5
Let q(w) be the first derivative of 5*w**2/2 - 3*w + 164. Determine q(7).
32
Let x be (2/(-4))/(5/(523 + -3)). Let z be 44/66 - 1/((-6)/x). Let s(i) = -i**3 - 8*i**2 + 10. Determine s(z).
10
Let q = 127 + -139. Let s(v) = -v**2 - 12*v + 8. Give s(q).
8
Let i be 61/120 + 30/(-60). Let h(b) be the third derivative of -4*b**2 + i*b**6 + b**3 + 0*b + 0 + 1/12*b**5 + 7/24*b**4. What is h(-4)?
-6
Suppose 0 = -14*x - 36 + 148. Let m(g) = g - 1. Calculate m(x).
7
Let o(u) = 74*u + 74*u + 4 - 157*u. Let i(b) = -b + 1. Let w(x) = 6*i(x) - o(x). What is w(5)?
17
Let d(r) = -r**3 - 4*r**2 - 5. Suppose -4*x = 2*i + 22, x + 1 + 0 = 4*i. Determine d(x).
20
Let x(j) = -j**3 - 6*j**2 - 5*j - 7. Suppose l - 34 = -38. What is x(l)?
-19
Let k(i) = -20*i**3 + 8*i**2 - 24*i**3 + 43*i**3 - 3*i + 5 - 5*i - 2*i. What is k(6)?
17
Let h(c) = -c**2 - 8*c - 5. Suppose 0*n - n - 15 = -3*l, n - 5*l = -25. Suppose 4*j = -n - 4, -j = 5*m + 41. What is h(m)?
-5
Let w(o) = -6*o**3 + 2*o**2 + 2*o - 1. Let l be 4/(-38) - 600/(-285). Calculate w(l).
-37
Let w(v) be the third derivative of -v**5/60 - v**4/12 - v**3/2 - 11*v**2 - 2*v. Determine w(0).
-3
Let r = 923 + -939. Let q(w) = -w**3 - 15*w**2 + 14*w - 32. Give q(r).
0
Let n(q) = q - 4. Let j = -55 - -83. Let d be ((-63)/j)/(6/(-8)). Give n(d).
-1
Let d(u) = -u**2 + 4*u + 2. Let b be d(4). Let w(g) = -g + 1. Let p(j) = -j**2 + 6*j - 6. Let z(a) = b*p(a) + 11*w(a). Calculate z(1).
-2
Let s(u) = -2*u - 30. Let j = 267 + -277. Calculate s(j).
-10
Let o = -19 + 18. Let z(n) = 9*n - 6. Let j(i) = -i + 1. Let d(f) = 6*j(f) + z(f). What is d(o)?
-3
Let y be 45/(-54) - 87/(-18). Let s(k) = -7*k - 3. Determine s(y).
-31
Let r be 24/9 + 4/(-6). Let g(l) = -5*l + 14*l + 11*l**r - 11*l + 1. Determine g(1).
10
Suppose 2*g - 3*h = 7*g - 39, 2*g - 24 = 3*h. Suppose -7*q = y - 3*q - g, -3*y = 2*q - 17. Let s(n) = -4*n**2 + n**3 + 1 - 4 + n - 4*n. Determine s(y).
7
Let g(a) = -a**2 + 2*a + 1. Suppose 0 = -0*d + d - 8. Suppose 0 = -3*o + 7*o - d. What is g(o)?
1
Let l(u) = -u**2 + 2 - 4 + 0*u**2. Suppose -5*d - 5*o - 45 = 0, -5*o = -d - 4 - 5. Let j = d + 7. Determine l(j).
-6
Let s = -621 - -609. Let g(k) = -k**3 - 11*k**2 + 14*k + 9. Determine g(s).
-15
Let g(m) = -m**2 - 8*m + 4. Let c(f) = 3*f**2 + 24*f - 12. Let i(k) = 3*c(k) + 8*g(k). Let a = 3329 - 3335. Give i(a).
-16
Suppose 0*r - 14 = -7*r. Let a(s) = -12 - 2*s**3 + 5*s + s**3 - 5*s**r + 18. Calculate a(-6).
12
Let g(h) = -3*h - 5*h - 19 + 30 - 8 - 9. Calculate g(-6).
42
Let s = 114 + -105. Let z(p) = 2*p - 14. Determine z(s).
4
Let y = 19 + -7. Let d(l) = -9 - 2*l + 13 - y. Give d(7).
-22
Let a(m) = 3*m + 37. Let b be a(-11). Let x(r) = -2*r + b - 6 + 0 - 2. Calculate x(-4).
4
Let d(m) be the third derivative of -5*m**4/24 + m**3/6 - 6*m**2 - 2. Give d(-2).
11
Suppose 5*y - 8*b = -6*b + 28, 3 = y - 